e 10) in base 2?
-100101100010110101
202112201202112 (base 3) to base 5
10243400122
What is -d78a (base 15) in base 7?
-246613
Convert -13553331 (base 7) to base 14.
-252288
1320310 (base 5) to base 9
40105
What is -3243603 (base 9) in base 2?
-110101001001000011101
What is -514124 (base 7) in base 16?
-15743
Convert 25256612 (base 9) to base 14.
19033a5
What is 337764 (base 8) in base 6?
2242524
1021101000210 (base 3) to base 16
a52b5
What is 651184 (base 9) in base 10?
387985
What is -16646356 (base 7) in base 2?
-110010000111010010001
What is 4a73 (base 11) in base 15?
1e5e
Convert 110020322311 (base 4) to base 7.
62605606
What is -1533334 (base 6) in base 16?
-1605a
Convert 301020000 (base 4) to base 14.
53488
What is -1699389 (base 10) in base 7?
-20305326
47472 (base 11) to base 14
1ad2c
816826 (base 10) to base 14
17396a
111101101000101001 (base 2) to base 8
755051
Convert 15110435 (base 6) to base 13.
153a5b
What is -2207875 (base 10) in base 6?
-115153351
Convert 11010001100110010100 (base 2) to base 8.
3214624
What is -2811 (base 9) in base 6?
-13444
1876303 (base 11) to base 4
30012013320
What is -20221033322 (base 4) in base 10?
-2266106
What is -1657040 (base 10) in base 9?
-3105025
Convert -3a48 (base 13) to base 2.
-10000010010101
1257173 (base 8) to base 11
2203aa
Convert 1021112102010 (base 3) to base 10.
679728
-11110100100110011000001 (base 2) to base 16
-7a4cc1
What is 1737420 (base 8) in base 12?
205954
-1532004 (base 7) to base 15
-4216c
What is -a16a0b (base 12) in base 7?
-30266330
Convert 333211323320 (base 4) to base 3.
1011100221120022
11211011001 (base 3) to base 6
2011131
Convert -1e381 (base 16) to base 6.
-2353013
-46923 (base 11) to base 12
-331a8
-249c8 (base 14) to base 12
-43b30
What is 16781808 (base 9) in base 12?
29ab6bb
What is -110112020222 (base 3) in base 4?
-330030332
-3002121001 (base 4) to base 15
-10adba
Convert 43443335 (base 6) to base 3.
2102212211212
Convert -739221 (base 14) to base 4.
-32321121231
What is 194697 (base 11) in base 9?
505105
Convert -1000013312 (base 4) to base 9.
-440248
What is 130563 (base 9) in base 3?
11000122010
What is -216435 (base 11) in base 15?
-6c46b
-21221514 (base 6) to base 12
-26189a
What is 21e69 (base 15) in base 4?
122111202
143241562 (base 7) to base 14
1381da2
47171 (base 13) to base 8
375534
44230121 (base 5) to base 8
1354271
-6740926 (base 11) to base 3
-211020100001121
Convert 21224214 (base 6) to base 7.
5213650
Convert 166992 (base 10) to base 16.
28c50
What is 33010140 (base 5) in base 16?
44d40
cebd (base 15) to base 12
21444
Convert -15852 (base 10) to base 7.
-64134
Convert -1011100011001110100111 (base 2) to base 14.
-58b651
Convert -e0e1b (base 15) to base 16.
-adcf6
-10244223 (base 5) to base 11
-5a76a
Convert -1012202022101011 (base 3) to base 5.
-13423442003
Convert -2772848 (base 10) to base 15.
-39b8b8
1996220 (base 10) to base 7
22652612
-1001010010000111011101 (base 2) to base 10
-2433501
2100221220120 (base 3) to base 12
508659
646623 (base 16) to base 15
89e84c
What is 2111222101 (base 3) in base 2?
1100000110010011
Convert -9e88e (base 16) to base 3.
-1012222202022
Convert 64f1d (base 16) to base 9.
700150
Convert -fd86 (base 16) to base 6.
-1220250
What is -2020214 (base 5) in base 15?
-99a9
What is -a36b6 (base 14) in base 4?
-1200020000
Convert 1a8036 (base 15) to base 3.
2102200012220
What is -1320053 (base 7) in base 3?
-22210012002
Convert 384063 (base 9) to base 3.
102211002010
What is -33034440 (base 6) in base 7?
-11240556
What is -4019a2 (base 16) in base 2?
-10000000001100110100010
What is -100222120 (base 4) in base 14?
-1ac2c
12323240 (base 5) to base 13
42a90
What is 13074000 (base 9) in base 16?
620e17
Convert -c9183 (base 13) to base 11.
-228621
What is -10100111100101110010 (base 2) in base 8?
-2474562
What is -ca4d (base 15) in base 9?
-64661
-6b503 (base 12) to base 8
-431423
305153 (base 11) to base 3
220220010200
What is -20b3c (base 13) in base 12?
-2a1b4
-86393 (base 10) to base 5
-10231033
Convert -c71ab (base 13) to base 6.
-11403205
Convert -1519227 (base 10) to base 8.
-5627173
What is -37527168 (base 9) in base 10?
-18382607
Convert -24421312 (base 8) to base 9.
-11113803
Convert 72790c (base 13) to base 2.
1010001100100110111101
-44365 (base 8) to base 6
-222245
What is 7513457 (base 8) in base 14?
3a286b
What is -be52d (base 16) in base 11?
-492776
What is 2e987 (base 16) in base 5?
22101410
Convert 120320030023 (base 4) to base 13.
1474555
178911 (base 10) to base 16
2badf
What is 2202440 (base 7) in base 12?
110192
What is -446326 (base 12) in base 15?
-167a6c
-114333453 (base 6) to base 16
-212d09
-1001010011011110101 (base 2) to base 5
-34224020
What is 105a1d (base 14) in base 8?
2071073
Convert 114200300 (base 6) to base 2.
1000001111110010101100
What is 25440621 (base 7) in base 15?
30a29c
Convert 6738574 (base 9) to base 15.
4b9e51
What is -184d28 (base 15) in base 10?
-1180838
Convert -624630 (base 8) to base 6.
-4235304
110110110111101110110010 (base 2) to base 3
1000001210012121
-22022301 (base 4) to base 12
-20129
-11100010011001111 (base 2) to base 12
-570bb
What is a78db5 (base 14) in base 9?
11604232
What is -10314011 (base 5) in base 11?
-60654
Convert 2116250 (base 7) to base 16.
3eab9
-10011110111101000011 (base 2) to base 7
-5351115
What is -2672694 (base 12) in base 6?
-431112304
Convert 12221102120102 (base 3) to base 10.
3157715
3313035 (base 7) to base 10
406824
Convert 105737 (base 12) to base 15.
518ed
Convert 42400232 (base 5) to base 7.
3012553
What is 53233335 (base 6) in base 15?
20c2b2
10153025 (base 6) to base 3
112222110122
-1643126 (base 7) to base 10
-229193
What is 13263b (base 13) in base 16?
70e62
-20944 (base 11) to base 15
-902e
35080 (base 16) to base 12
a5854
Convert 338615 (base 13) to base 16.
12967a
Convert 25073013 (base 8) to base 5.
2404111433
Convert -1011110101110001 (base 2) to base 9.
-73465
-9c68 (base 16) to base 14
-10840
3466228 (base 9) to base 12
7648bb
Convert 697527 (base 11) to base 8.
4164072
Convert -112221234 (base 5) to base 15.
-a0664
What is 442322032 (base 6) in base 2?
11110010110110110000100
Convert -42100234 (base 8) to base 11.
-5060144
What is -84ca0 (base 15) in base 12?
-183a06
-17344333 (base 8) to base 3
-21121201100020
Convert 41830 (base 16) to base 5.
32041321
What is 479507 (base 10) in base 5?
110321012
1e226c (base 15) to base 9
2687813
Convert cb0e1 (base 15) to base 14.
12adda
What is 149994 (base 12) in base 3?
122201101011
What is 65b0 (base 12) in base 6?
123540
2031330231 (base 4) to base 9
1075503
-2825907 (base 10) to base 8
-12617263
What is 41122212 (base 5) in base 4?
1101100013
What is -31310033 (base 5) in base 10?
-260018
200100121211 (base 3) to base 6
11424421
What is 6073530 (base 9) in base 16?
316548
Convert -2475257 (base 8) to base 4.
-2213222233
Convert -1441002130 (base 5) to base 9.
-7208025
Convert 21503345 (base 7) to base 15.
26821e
What is 748534 (base 14) in base 12?
13a0aaa
What is 7764720 (base 8) in base 16?
1fe9d0
Convert -483660 (base 9) to base 11.
-189a3a
Convert -1254522 (base 6) to base 7.
-410225
-223537 (base 9) to base 12
-6555a
What is -74d0 (base 16) in base 5?
-1424104
72548 (base 10) to base 9
120458
What is 97c17 (base 14) in base 10?
367325
185a45 (base 12) to base 9
716708
2177193 (base 10) to base 6
114355333
What is -1111101010011100 (base 2) in base 15?
-14021
What is -223203232 (base 4) in base 8?
-534356
Convert -2020321011 (base 4) to base 3.
-1001111011000
-2610557 (base 9) to base 6
-50305254
-230818 (base 15) to base 2
-110011000010100000000
63646a (base 13) to base 8
10701533
What is -16124 (base 13) in base 8?
-121726
10011001010110101 (base 2) to base 12
39531
What is -7ad6f (base 16) in base 2?
-1111010110101101111
Convert 4410120442 (base 5) to base 14.
1382926
20222210100 (base 3) to base 7
1112151
-4325131 (base 6) to base 10
-213679
-65d2d (base 14) to base 8
-742025
Convert -1a357a1 (base 11) to base 14.
-655459
What is 33111233333 (base 4) in base 13?
aaa449
What is 1260221 (base 7) in base 3?
22102102002
-13111c9 (base 13) to base 15
-7ce63a
What is -67655 (base 8) in base 14?
-a5c1
Convert -18176 (base 15) to base 5.
-4443321
What is 17878 (base 16) in 